{"id":11348,"date":"2020-07-12T07:06:35","date_gmt":"2020-07-12T07:06:35","guid":{"rendered":"https:\/\/internetaddictsanonymous.org\/?page_id=11348"},"modified":"2025-09-14T11:35:18","modified_gmt":"2025-09-14T18:35:18","slug":"na-kulana-lawelawe-hamama","status":"publish","type":"page","link":"https:\/\/internetaddictsanonymous.org\/haw\/open-service-positions\/","title":{"rendered":"N\u0101 K\u016blana Lawelawe a me n\u0101 K\u014dmike"},"content":{"rendered":"<p>Mahalo no kou hoihoi i ka lawelawe \u02bbana ma ka pae fellowship ma ITAA! \u02bbA\u02bbole wale ka lawelawe he mea hana waiwai nui no ko m\u0101kou ho&#039;\u014dla hou \u02bbana, ak\u0101 k\u014dkua p\u016b kekahi i ka fellowship ITAA holo\u02bboko\u02bba\u2014mai n\u0101 mea hou i k\u0101 l\u0101kou h\u0101l\u0101wai mua, a hiki i n\u0101 mea kahiko, a hiki i n\u0101 hui, a me ka fellowship holo\u02bboko\u02bba. Aia ma lalo kahi papa inoa o k\u0101 m\u0101kou mau k\u016blana lawelawe honua a me n\u0101 k\u014dmike.<\/p>\n\n\n\n<p><strong>N\u0101 h\u0101l\u0101wai k\u014dmike ITAA e hiki mai ana a me n\u0101 h\u0101l\u0101wai lawelawe honua<\/strong><\/p>\n\n\n<p><iframe style=\"height: 600px; width: 100%;\" src=\"https:\/\/teamup.com\/ks4ag6i7z1xynrk5ra?view=m&amp;showHeader=0&amp;showLogo=0&amp;showTitle=0&amp;showSidepanel=0&amp;showViewSelector=1\" width=\"100%\" height=\"600\" frameborder=\"0\"><\/iframe><\/p>\n\n\n<h5 class=\"wp-block-heading\" id=\"fellowship-level\"><strong>N\u0101 k\u016blana lawelawe pae Fellowship <\/strong><\/h5>\n\n\n\n<ul class=\"wp-block-list\">\n<li><strong>N\u0101 Luna Ho\u02bbomalu<\/strong>Aia he 2 mau luna ho\u02bbomalu no n\u0101 H\u0101l\u0101wai Lawelawe Honua i koho \u02bbia no ho\u02bbokahi kau makahiki. Ho\u02bbokele k\u0113l\u0101 me k\u0113ia luna ho\u02bbomalu i ho\u02bbokahi ISM i k\u0113l\u0101 me k\u0113ia mahina \u02bb\u0113 a\u02bbe. \u02bbO n\u0101 kuleana o n\u0101 Luna Ho\u02bbomalu, \u02bbo ia ke noho luna o ka ISM a me ka ho\u02bbopou hou a m\u0101lama i k\u0113ia mau alaka\u02bbi i k\u0101kau \u02bbia i mea e mau ai. Hana p\u016b l\u0101kou me n\u0101 Kakauolelo e ho\u02bbopau i ka papahana. <strong>In\u0101 makemake \u02bboe e lilo i hoa noho luna, e \u02bbolu\u02bbolu e leka uila i\u0101 secretaries.itaa@gmail.com a i \u02bbole e hele i kahi ISM e hiki mai ana.<\/strong><br><br><\/li>\n\n\n\n<li><strong>N\u0101 Kakauolelo<\/strong>Aia he 2 mau k\u0101kau \u02bb\u014dlelo like no n\u0101 H\u0101l\u0101wai Lawelawe Honua i koho \u02bbia no ho\u02bbokahi kau makahiki. Ho\u02bbokele k\u0113l\u0101 me k\u0113ia k\u0101kau \u02bb\u014dlelo like i ho\u02bbokahi ISM i k\u0113l\u0101 me k\u0113ia mahina \u02bb\u0113 a\u02bbe. Lawe n\u0101 k\u0101kau \u02bb\u014dlelo i n\u0101 minuke i ka w\u0101 o ka ISM a hana i ka papahana no ka h\u0101l\u0101wai. Hana p\u016b l\u0101kou me n\u0101 Luna Ho\u02bbomalu e ho\u02bbopau i ka papahana. <strong>In\u0101 makemake \u02bboe e lilo i hoa k\u0101kau \u02bb\u014dlelo, e \u02bbolu\u02bbolu e leka uila i\u0101 secretaries.itaa@gmail.com a i \u02bbole e hele i kahi ISM e hiki mai ana.<\/strong><br><br><\/li>\n\n\n\n<li><strong>Luna P\u016bnaewele P\u016b<\/strong>: Loa\u02bba i\u0101 ITAA ma ka li\u02bbili\u02bbi he 2 mau Co-Webmasters (\u02bboiai aia paha ma mua o 2) i hiki ke koho \u02bbia no n\u0101 kau a hiki i 2 mau makahiki ka l\u014d\u02bbihi (\u02bbae \u02bbia n\u0101 kau p\u014dkole). M\u0101lama, ho\u02bbopou hou, a ho\u02bbololi n\u0101 co-webmasters i ka p\u016bnaewele o ITAA no ka lawelawe \u02bbana i ka lunamana\u02bbo o ka hui hui. Ho\u02bbokele p\u016b n\u0101 luna p\u016bnaewele i n\u0101 mo\u02bbok\u0101ki Zoom a ITAA, ka mo\u02bbok\u0101ki Google Ads, a me ke kalena h\u0101l\u0101wai. Loa\u02bba i n\u0101 co-webmasters ka mana e hana i n\u0101 ho\u02bbololi li\u02bbili\u02bbi i ka p\u016bnaewele e k\u016blike ana me ka \u02bbuhane o ka p\u016bnaewele e k\u016b nei. Hiki ke kuhikuhi \u02bbia n\u0101 ho\u02bbololi ko\u02bbiko\u02bbi, n\u0101 \u02bb\u0101pana hou, a i \u02bbole n\u0101 ku\u02bbikahi nui i ka ISM. <strong>In\u0101 makemake \u02bboe e lilo i hoa hana p\u016bnaewele, e \u02bbolu\u02bbolu e leka uila i\u0101 webmaster.itaa@gmail.com.<\/strong><br><br> <\/li>\n\n\n\n<li><strong>Luna Ho\u02bbokele Waiwai<\/strong>Aia he 2 mau Luna Ho\u02bbokele Waiwai i koho \u02bbia no n\u0101 kau he 12 mahina. M\u0101lama n\u0101 luna waiwai i n\u0101 mo\u02bbok\u0101ki a ITAA a ho\u02bbopa\u02bba i n\u0101 lilo a me n\u0101 h\u0101\u02bbawi. H\u014d\u02bbike pinepine n\u0101 luna waiwai i kahi h\u014d\u02bbike i n\u0101 H\u0101l\u0101wai Lawelawe Honua i ke kolu o ka hopena pule o k\u0113l\u0101 me k\u0113ia mahina. \u02bbA\u02bbohe mana o n\u0101 luna waiwai e ho\u02bboholo k\u016b\u02bboko\u02bba i n\u0101 ho\u02bboholo ho\u02bbolilo. Pono e hana \u02bbia kahi ho\u02bboholo e lawe i kahi lilo hou e ka H\u0101l\u0101wai Lawelawe Honua. <strong>In\u0101 makemake \u02bboe e lilo i pu\u02bbuk\u016b k\u0101l\u0101 like, e \u02bbolu\u02bbolu e leka uila i\u0101 itaa.business@gmail.com.<\/strong><br><br><\/li>\n\n\n\n<li><strong>Mea pane leka uila<\/strong>K\u014dkua n\u0101 mea pane leka uila a ITAA i ka pane \u02bbana i n\u0101 n\u012bnau laul\u0101 i ho\u02bbouna \u02bbia ma o ka p\u016bnaewele ITAA. Hiki i k\u0113ia ke pili i ka h\u0101\u02bbawi \u02bbana i ka \u02bbike e pili ana i\u0101 ITAA, k\u0101 m\u0101kou papa manawa h\u0101l\u0101wai, n\u0101 kumuwaiwai ma k\u0101 m\u0101kou p\u016bnaewele, a i \u02bbole ka ho\u02bbouna \u02bbana i n\u0101 leka i n\u0101 kauw\u0101 hilina\u02bbi \u02bb\u0113 a\u02bbe (\u02bbo ia ho\u02bbi, n\u0101 k\u0101kau \u02bb\u014dlelo, n\u0101 luna p\u016bnaewele, kahi k\u014dmike kiko\u02bb\u012b, a i \u02bbole kahi hui kiko\u02bb\u012b). \u02bbO ka ma\u02bbamau, \u02bbo ka manawa i ho\u02bbopa\u02bba \u02bbia i k\u0113l\u0101 me k\u0113ia mea pane leka uila he 15 a 30 mau minuke. Pono n\u0101 mea pane leka uila ma ka li\u02bbili\u02bbi he 3 mau mahina ma ITAA, a hiki i k\u0113l\u0101 me k\u0113ia mea pane leka uila i koho \u02bbia ke koho i ko l\u0101kou l\u014d\u02bbihi o ka manawa, mai 3 mahina a hiki i 2 mau makahiki. <strong>In\u0101 makemake \u02bboe e lilo i mea pane leka uila, e \u02bbolu\u02bbolu e leka uila i\u0101 internetandtechaa@gmail.com<span style=\"color: initial; font-family: -apple-system, BlinkMacSystemFont, &quot;Segoe UI&quot;, Roboto, Oxygen-Sans, Ubuntu, Cantarell, &quot;Helvetica Neue&quot;, sans-serif;\">.<\/span><\/strong><br><br><\/li>\n\n\n\n<li><strong>Lunamaka\u02bb\u0101inana Lawelawe Hui (GSR)<\/strong>Ua koho \u02bbia n\u0101 GSR e n\u0101 hui e k\u014dkua i ka pani \u02bbana i\u0101 l\u0101kou ma n\u0101 H\u0101l\u0101wai Hana o ka Honua o ITAA, a ke h\u014d\u02bboia\u02bbi\u02bbo nei l\u0101kou e lohe \u02bbia n\u0101 leo o k\u0101 m\u0101kou mau hui i ka w\u0101 e hana ai i n\u0101 ho\u02bboholo pae launa. Paipai \u02bbia n\u0101 hui e pa\u02bba i n\u0101 lunamana\u02bbo o ka hui e koho i n\u0101 GSR a e wehewehe i n\u0101 koi lawelawe, n\u0101 kuleana, a me n\u0101 l\u014d\u02bbihi o ka manawa. Aia ka kumuwaiwai ma lalo nei i ka \u02bbike hou aku e pili ana i n\u0101 GSR:<br><a href=\"https:\/\/internetaddictsanonymous.org\/haw\/gsr\/\" target=\"_blank\" rel=\"noreferrer noopener\">He aha ke \u02bbano o kahi &#039;Lunamaka\u02bb\u0101inana Lawelawe Hui&#039; ma ITAA?<\/a><br><\/li>\n<\/ul>\n\n\n\n<h5 class=\"wp-block-heading\" id=\"fellowship-level\">Pae-ho\u02bbona\u02bbauao<strong> n\u0101 komite<\/strong><\/h5>\n\n\n\n<ul class=\"wp-block-list\">\n<li><strong>K\u014dmike K\u0101n\u0101wai a me ke K\u0101l\u0101<\/strong>K\u016bk\u0101k\u016bk\u0101 k\u0113ia K\u014dmike i n\u0101 pilikia k\u0101n\u0101wai a me ke k\u0101l\u0101 e pili ana i ka launa p\u016b \u02bbana o ITAA ma ke \u02bbano holo\u02bboko\u02bba, ho\u02bbomohala a h\u0101pai i n\u0101 ho\u02bbon\u0101 i k\u0113ia mau pilikia no ka loiloi \u02bbana e ka ISM, launa p\u016b me n\u0101 loio, n\u0101 mea helu k\u0101l\u0101, a me n\u0101 \u02bboihana \u02bb\u0113 a\u02bbe e like me ka mea e pono ai, a hana i n\u0101 mea a me n\u0101 kumuwaiwai e pili ana i n\u0101 pilikia k\u0101n\u0101wai a me ke k\u0101l\u0101 e hiki ke k\u0101ko\u02bbo i n\u0101 hui a me n\u0101 l\u0101l\u0101 p\u0101kahi. Ua wehe \u02bbia ka komo \u02bbana i n\u0101 mea \u0101pau. <strong>In\u0101 makemake \u02bboe e h\u0101\u02bbawi mai, e \u02bbolu\u02bbolu e leka uila i\u0101 legalaffairs.itaa@gmail.com.<\/strong><br><br><\/li>\n\n\n\n<li><strong>K\u014dmike Palapala<\/strong>: K\u0101kau ke K\u014dmike Palapala i n\u0101 palapala l\u014d\u02bbihi a pa\u02bbi \u02bbia e k\u0101ko\u02bbo i ke kumu nui o k\u0101 m\u0101kou hui. Ua wehe \u02bbia ke komo \u02bbana i n\u0101 mea \u0101pau. In\u0101 \u02bba\u02bbole hiki i\u0101 \u02bboe ke hele i ka manawa h\u0101l\u0101wai ma muli o n\u0101 pilikia o ka \u02bb\u0101pana manawa, e \u02bbolu\u02bbolu e ho\u02bboka\u02bba\u02bbike aku i ka mea ho\u02bbopili. Ke k\u0101kau nei m\u0101kou i k\u0101 m\u0101kou puke ITAA mua, a ke \u02bbimi nei m\u0101kou i n\u0101 mo\u02bbolelo ho\u02bb\u014dla mai n\u0101 l\u0101l\u0101 me ka li\u02bbili\u02bbi he 6 mau mahina ma ITAA, k\u016bpa\u02bba ka noho m\u0101lie e like me k\u0101 l\u0101kou ho\u02bbomaopopo \u02bbana, a ke hana nei i n\u0101 \u02bbanu\u02bbu\u2014hiki ke loa\u02bba ka \u02bbike hou aku. <a href=\"https:\/\/docs.google.com\/document\/d\/1WkjCP1kEapF_RhWaTpPk6nmuVHrNbohQVA2TJIpbDtQ\/edit?usp=sharing\">maanei<\/a>. Hiki i kekahi l\u0101l\u0101 o ITAA ke kau inoa e lilo i mea heluhelu loiloi a h\u0101\u02bbawi i n\u0101 mana\u02bbo no n\u0101 palapala ho\u02bbol\u0101l\u0101 o k\u0101 m\u0101kou puke. Hiki i\u0101 \u02bboe ke loa\u02bba ka palapala ho\u02bbol\u0101l\u0101 o k\u0113ia manawa o ka puke a kau inoa e loa\u02bba n\u0101 mea hou i ka w\u0101 e ho\u02bboku\u02bbu \u02bbia ai n\u0101 mokuna hou ma ka ho\u02bbopiha \u02bbana i <a href=\"https:\/\/forms.gle\/xUyrY5BUxropNELWA\">k\u0113ia palapala<\/a>. <strong>No n\u0101 n\u012bnau a mana\u02bbo paha, e \u02bbolu\u02bbolu e leka uila i\u0101 literature.itaa@gmail.com. <\/strong><br><br><\/li>\n\n\n\n<li><strong>K\u014dmike Pilina Lehulehu<\/strong>\u02bbElua kuleana lawelawe o k\u0113ia k\u014dmike: N\u0101 mea ho\u02bbonohonoho a me n\u0101 mea ninaninau. Ho\u02bbokele n\u0101 mea ho\u02bbonohonoho i n\u0101 noi ninaninau e hiki mai ana, hana i ka ho\u02bbolaha lehulehu, k\u0101kau a m\u0101lama i n\u0101 kumuwaiwai e hele aku i n\u0101 mea k\u0101kau mo\u02bbolelo, a m\u0101lama i ka H\u0101l\u0101wai Hana Honua me n\u0101 h\u014d\u02bbike, a ho\u02bbokipa \u02bbia kekahi l\u0101l\u0101 e lilo i mea ho\u02bbonohonoho a hui p\u016b me k\u0101 m\u0101kou mau h\u0101l\u0101wai. \u02bbO n\u0101 mea ninaninau he mau l\u0101l\u0101 i ho\u02bbomaopopo \u02bbia i ka w\u0101 e ho\u02bbouna \u02bbia ai kahi leka ma o ka p\u016bnaewele e noi ana e ninaninau i kahi l\u0101l\u0101 o ITAA e pili ana i k\u0101 m\u0101kou hui a i \u02bbole ka papahana ho\u02bb\u014dla. I mea e ninaninau \u02bbia ai, pono i n\u0101 l\u0101l\u0101 he 5 mau mahina ma ITAA, e hele mau i n\u0101 h\u0101l\u0101wai, e hana i n\u0101 \u02bbanu\u02bbu 12, a loa\u02bba i ka li\u02bbili\u02bbi o ke akahele e like me k\u0101 l\u0101kou wehewehe \u02bbana. Hiki i n\u0101 l\u0101l\u0101 o ke k\u014dmike ke koho i ho\u02bbokahi a i \u02bbole \u02bbelua o k\u0113ia mau kuleana lawelawe. <strong>In\u0101 makemake \u02bboe e lilo i \u02bb\u0101pana o ke K\u014dmike Pilina Lehulehu, e \u02bbolu\u02bbolu e leka uila i\u0101 inquiries.itaa@gmail.com.<\/strong> <strong>Ke pono nei m\u0101kou i n\u0101 mea ho\u02bbonohonoho a me n\u0101 mea ninaninau hou aku. In\u0101 makemake \u02bboe e hana i ka ho\u02bbolaha lehulehu ma kou wahi, hiki i\u0101 \u02bboe ke kuhikuhi i k\u0101 m\u0101kou <a href=\"https:\/\/docs.google.com\/document\/d\/1aRALvNCgyFK4UUpQHtJfsWbFT4WthLxQqeuzJhA2bM0\/edit?usp=sharing\">kumu ho\u02bboh\u0101like ho\u02bbolaha \u02bbike lehulehu<\/a>.<\/strong><br><\/li>\n<\/ul>\n\n\n\n<ul class=\"wp-block-list\">\n<li><strong>K\u014dmike li\u02bbili\u02bbi SEO \/ Google Ads<\/strong>Ke k\u0101lele nei k\u0113ia komite li\u02bbili\u02bbi i ka ho\u02bbomaika\u02bbi \u02bbana i k\u0101 m\u0101kou Google Ads a me ka ho\u02bbonui \u02bbana i ka \u02bbenekini huli e k\u014dkua i ka h\u014d\u02bboia \u02bbana i ka hiki ke komo i k\u0101 m\u0101kou launa p\u016b \u02bbana i ka po\u02bbe e pono ai. He komite li\u02bbili\u02bbi k\u0113ia hui o ke Komite \u02bbIke P\u016bnaewele. <strong>No n\u0101 n\u012bnau, e leka uila i\u0101 tomask.itaa@gmail.com.<\/strong><br><\/li>\n<\/ul>\n\n\n\n<ul class=\"wp-block-list\">\n<li><strong>K\u014dmike \u02bbIke P\u016bnaewele<\/strong>Ma k\u0113ia k\u014dmike m\u0101kou e k\u016bk\u0101k\u016bk\u0101, ho\u02bboponopono, a k\u0101kau i n\u0101 \u02bbike no k\u0101 m\u0101kou p\u016bnaewele. Ua kono \u02bbia k\u0113l\u0101 me k\u0113ia l\u0101l\u0101 e komo, me kahi koi l\u0101l\u0101 k\u014dmike e hele i ka li\u02bbili\u02bbi he 6 mau h\u0101l\u0101wai ITAA. Hiki i\u0101 \u02bboe ke leka uila i n\u0101 n\u012bnau \u0101u e n\u012bnau ai i\u0101 webcontent.itaa@gmail.com.<br><br><\/li>\n\n\n\n<li><strong>Unuhi p\u016bnaewele<\/strong>In\u0101 makemake \u02bboe e unuhi i ka p\u016bnaewele ITAA i kahi \u02bb\u014dlelo \u02bb\u0113 a\u02bbe, hiki i\u0101 \u02bboe ke k\u014dkua i ka lawe \u02bbana i k\u0101 m\u0101kou leka i ka po\u02bbe \u02bbaihue \u02bb\u014dlelo Pelekania \u02bbole. <strong>In\u0101 makemake \u02bboe e k\u014dkua i ka unuhi \u02bbana i ka p\u016bnaewele, e \u02bbolu\u02bbolu e leka uila i\u0101 webmaster.itaa@gmail.com<\/strong><\/li>\n<\/ul>\n<!-- PMB print buttons is only displayed on a single post\/page URLs-->","protected":false},"excerpt":{"rendered":"<p>Mahalo no kou hoihoi i ka lawelawe \u02bbana ma ka pae pilina ma ITAA! \u02bbA\u02bbole wale ka lawelawe he mea hana waiwai nui no ko m\u0101kou ho\u02bb\u014dla \u02bbana iho, ak\u0101 k\u014dkua p\u016b kekahi i ka pilina ITAA holo\u02bboko\u02bba\u2014mai n\u0101 mea hou i k\u0101 l\u0101kou h\u0101l\u0101wai mua \u02bbana, a i n\u0101 mea kahiko, a i n\u0101 hui, a me ka pilina holo\u02bboko\u02bba. Aia ma lalo kahi papa inoa o k\u0101 m\u0101kou \u2026 <a href=\"https:\/\/internetaddictsanonymous.org\/haw\/open-service-positions\/\" class=\"more-link\">E ho\u02bbomau i ka heluhelu \u02bbana <span class=\"screen-reader-text\">N\u0101 K\u016blana Lawelawe a me n\u0101 K\u014dmike<\/span><\/a><\/p>","protected":false},"author":35194237,"featured_media":0,"parent":0,"menu_order":0,"comment_status":"closed","ping_status":"closed","template":"full-width-page.php","meta":{"inline_featured_image":false,"_lmt_disableupdate":"no","_lmt_disable":"","jetpack_post_was_ever_published":false,"footnotes":""},"tags":[],"class_list":["post-11348","page","type-page","status-publish","hentry"],"yoast_head":"<!-- This site is optimized with the Yoast SEO plugin v27.1.1 - https:\/\/yoast.com\/product\/yoast-seo-wordpress\/ -->\n<title>Service Positions and Committees &#8211; Internet and Technology Addicts Anonymous<\/title>\n<meta name=\"robots\" content=\"index, follow, max-snippet:-1, max-image-preview:large, max-video-preview:-1\" \/>\n<link rel=\"canonical\" href=\"https:\/\/internetaddictsanonymous.org\/haw\/na-kulana-lawelawe-hamama\/\" \/>\n<meta property=\"og:locale\" content=\"en_US\" \/>\n<meta property=\"og:type\" content=\"article\" \/>\n<meta property=\"og:title\" content=\"Service Positions and Committees &#8211; Internet and Technology Addicts Anonymous\" \/>\n<meta property=\"og:description\" content=\"Thank you for your interest in being of service at the fellowship level in ITAA! Service is not only an invaluable tool for our own recoveries, it also helps the entire ITAA fellowship\u2014from newcomers at their first meeting, to old-timers, to the groups, and the fellowship as a whole. Below is a list of our &hellip; Continue reading Service Positions and Committees\" \/>\n<meta property=\"og:url\" content=\"https:\/\/internetaddictsanonymous.org\/haw\/na-kulana-lawelawe-hamama\/\" \/>\n<meta property=\"og:site_name\" content=\"Internet and Technology Addicts Anonymous\" \/>\n<meta property=\"article:modified_time\" content=\"2025-09-14T18:35:18+00:00\" \/>\n<meta name=\"twitter:card\" content=\"summary_large_image\" \/>\n<meta name=\"twitter:label1\" content=\"Est. reading time\" \/>\n\t<meta name=\"twitter:data1\" content=\"5 minutes\" \/>\n<script type=\"application\/ld+json\" class=\"yoast-schema-graph\">{\"@context\":\"https:\/\/schema.org\",\"@graph\":[{\"@type\":\"WebPage\",\"@id\":\"https:\/\/internetaddictsanonymous.org\/open-service-positions\/\",\"url\":\"https:\/\/internetaddictsanonymous.org\/open-service-positions\/\",\"name\":\"Service Positions and Committees &#8211; Internet and Technology Addicts Anonymous\",\"isPartOf\":{\"@id\":\"https:\/\/internetaddictsanonymous.org\/#website\"},\"datePublished\":\"2020-07-12T07:06:35+00:00\",\"dateModified\":\"2025-09-14T18:35:18+00:00\",\"breadcrumb\":{\"@id\":\"https:\/\/internetaddictsanonymous.org\/open-service-positions\/#breadcrumb\"},\"inLanguage\":\"haw-US\",\"potentialAction\":[{\"@type\":\"ReadAction\",\"target\":[\"https:\/\/internetaddictsanonymous.org\/open-service-positions\/\"]}]},{\"@type\":\"BreadcrumbList\",\"@id\":\"https:\/\/internetaddictsanonymous.org\/open-service-positions\/#breadcrumb\",\"itemListElement\":[{\"@type\":\"ListItem\",\"position\":1,\"name\":\"Home\",\"item\":\"https:\/\/internetaddictsanonymous.org\/\"},{\"@type\":\"ListItem\",\"position\":2,\"name\":\"Service Positions and Committees\"}]},{\"@type\":\"WebSite\",\"@id\":\"https:\/\/internetaddictsanonymous.org\/#website\",\"url\":\"https:\/\/internetaddictsanonymous.org\/\",\"name\":\"Internet and Technology Addicts Anonymous\",\"description\":\"Worldwide 12-step Fellowship for Internet and Technology Addiction\",\"publisher\":{\"@id\":\"https:\/\/internetaddictsanonymous.org\/#organization\"},\"potentialAction\":[{\"@type\":\"SearchAction\",\"target\":{\"@type\":\"EntryPoint\",\"urlTemplate\":\"https:\/\/internetaddictsanonymous.org\/?s={search_term_string}\"},\"query-input\":{\"@type\":\"PropertyValueSpecification\",\"valueRequired\":true,\"valueName\":\"search_term_string\"}}],\"inLanguage\":\"haw-US\"},{\"@type\":\"Organization\",\"@id\":\"https:\/\/internetaddictsanonymous.org\/#organization\",\"name\":\"Internet and Technology Addicts Anonymous\",\"url\":\"https:\/\/internetaddictsanonymous.org\/\",\"logo\":{\"@type\":\"ImageObject\",\"inLanguage\":\"haw-US\",\"@id\":\"https:\/\/internetaddictsanonymous.org\/#\/schema\/logo\/image\/\",\"url\":\"https:\/\/internetaddictsanonymous.org\/wp-content\/uploads\/2023\/01\/cropped-ITAA-logo-480px.png\",\"contentUrl\":\"https:\/\/internetaddictsanonymous.org\/wp-content\/uploads\/2023\/01\/cropped-ITAA-logo-480px.png\",\"width\":480,\"height\":480,\"caption\":\"Internet and Technology Addicts Anonymous\"},\"image\":{\"@id\":\"https:\/\/internetaddictsanonymous.org\/#\/schema\/logo\/image\/\"}}]}<\/script>\n<!-- \/ Yoast SEO plugin. -->","yoast_head_json":{"title":"N\u0101 K\u016blana Lawelawe a me n\u0101 K\u014dmike - P\u016bnaewele a me n\u0101 \u02bbIke loea Anonymous","robots":{"index":"index","follow":"follow","max-snippet":"max-snippet:-1","max-image-preview":"max-image-preview:large","max-video-preview":"max-video-preview:-1"},"canonical":"https:\/\/internetaddictsanonymous.org\/haw\/na-kulana-lawelawe-hamama\/","og_locale":"en_US","og_type":"article","og_title":"Service Positions and Committees &#8211; Internet and Technology Addicts Anonymous","og_description":"Thank you for your interest in being of service at the fellowship level in ITAA! Service is not only an invaluable tool for our own recoveries, it also helps the entire ITAA fellowship\u2014from newcomers at their first meeting, to old-timers, to the groups, and the fellowship as a whole. Below is a list of our &hellip; Continue reading Service Positions and Committees","og_url":"https:\/\/internetaddictsanonymous.org\/haw\/na-kulana-lawelawe-hamama\/","og_site_name":"Internet and Technology Addicts Anonymous","article_modified_time":"2025-09-14T18:35:18+00:00","twitter_card":"summary_large_image","twitter_misc":{"Est. reading time":"5 minutes"},"schema":{"@context":"https:\/\/schema.org","@graph":[{"@type":"WebPage","@id":"https:\/\/internetaddictsanonymous.org\/open-service-positions\/","url":"https:\/\/internetaddictsanonymous.org\/open-service-positions\/","name":"N\u0101 K\u016blana Lawelawe a me n\u0101 K\u014dmike - P\u016bnaewele a me n\u0101 \u02bbIke loea Anonymous","isPartOf":{"@id":"https:\/\/internetaddictsanonymous.org\/#website"},"datePublished":"2020-07-12T07:06:35+00:00","dateModified":"2025-09-14T18:35:18+00:00","breadcrumb":{"@id":"https:\/\/internetaddictsanonymous.org\/open-service-positions\/#breadcrumb"},"inLanguage":"haw-US","potentialAction":[{"@type":"ReadAction","target":["https:\/\/internetaddictsanonymous.org\/open-service-positions\/"]}]},{"@type":"BreadcrumbList","@id":"https:\/\/internetaddictsanonymous.org\/open-service-positions\/#breadcrumb","itemListElement":[{"@type":"ListItem","position":1,"name":"Home","item":"https:\/\/internetaddictsanonymous.org\/"},{"@type":"ListItem","position":2,"name":"Service Positions and Committees"}]},{"@type":"WebSite","@id":"https:\/\/internetaddictsanonymous.org\/#website","url":"https:\/\/internetaddictsanonymous.org\/","name":"N\u0101 mea ho\u02bbopilikia p\u016bnaewele a me ka \u02bbenehana Anonymous","description":"\u02bbO ka Fellowship honua 12-step no ka ho\u02bbohui \u02bbana i ka P\u016bnaewele a me ka \u02bbenehana","publisher":{"@id":"https:\/\/internetaddictsanonymous.org\/#organization"},"potentialAction":[{"@type":"SearchAction","target":{"@type":"EntryPoint","urlTemplate":"https:\/\/internetaddictsanonymous.org\/?s={search_term_string}"},"query-input":{"@type":"PropertyValueSpecification","valueRequired":true,"valueName":"search_term_string"}}],"inLanguage":"haw-US"},{"@type":"Organization","@id":"https:\/\/internetaddictsanonymous.org\/#organization","name":"N\u0101 mea ho\u02bbopilikia p\u016bnaewele a me ka \u02bbenehana Anonymous","url":"https:\/\/internetaddictsanonymous.org\/","logo":{"@type":"ImageObject","inLanguage":"haw-US","@id":"https:\/\/internetaddictsanonymous.org\/#\/schema\/logo\/image\/","url":"https:\/\/internetaddictsanonymous.org\/wp-content\/uploads\/2023\/01\/cropped-ITAA-logo-480px.png","contentUrl":"https:\/\/internetaddictsanonymous.org\/wp-content\/uploads\/2023\/01\/cropped-ITAA-logo-480px.png","width":480,"height":480,"caption":"Internet and Technology Addicts Anonymous"},"image":{"@id":"https:\/\/internetaddictsanonymous.org\/#\/schema\/logo\/image\/"}}]}},"jetpack_sharing_enabled":true,"jetpack_shortlink":"https:\/\/wp.me\/P9Fwob-2X2","_links":{"self":[{"href":"https:\/\/internetaddictsanonymous.org\/haw\/wp-json\/wp\/v2\/pages\/11348","targetHints":{"allow":["GET"]}}],"collection":[{"href":"https:\/\/internetaddictsanonymous.org\/haw\/wp-json\/wp\/v2\/pages"}],"about":[{"href":"https:\/\/internetaddictsanonymous.org\/haw\/wp-json\/wp\/v2\/types\/page"}],"author":[{"embeddable":true,"href":"https:\/\/internetaddictsanonymous.org\/haw\/wp-json\/wp\/v2\/users\/35194237"}],"replies":[{"embeddable":true,"href":"https:\/\/internetaddictsanonymous.org\/haw\/wp-json\/wp\/v2\/comments?post=11348"}],"version-history":[{"count":99,"href":"https:\/\/internetaddictsanonymous.org\/haw\/wp-json\/wp\/v2\/pages\/11348\/revisions"}],"predecessor-version":[{"id":20440,"href":"https:\/\/internetaddictsanonymous.org\/haw\/wp-json\/wp\/v2\/pages\/11348\/revisions\/20440"}],"wp:attachment":[{"href":"https:\/\/internetaddictsanonymous.org\/haw\/wp-json\/wp\/v2\/media?parent=11348"}],"wp:term":[{"taxonomy":"post_tag","embeddable":true,"href":"https:\/\/internetaddictsanonymous.org\/haw\/wp-json\/wp\/v2\/tags?post=11348"}],"curies":[{"name":"wp","href":"https:\/\/api.w.org\/{rel}","templated":true}]}}