{"id":14947,"date":"2023-01-28T16:13:27","date_gmt":"2023-01-28T21:13:27","guid":{"rendered":"https:\/\/internetaddictsanonymous.org\/?page_id=14947"},"modified":"2023-02-26T17:51:46","modified_gmt":"2023-02-26T22:51:46","slug":"hale-ho%ca%bba%ca%bbo","status":"publish","type":"page","link":"https:\/\/internetaddictsanonymous.org\/haw\/test-home\/","title":{"rendered":"\u02bbA\u02bbohe inoa o ka po\u02bbe ho\u02bbopilikia i ka p\u016bnaewele a me ka \u02bbenehana | K\u014dkua a me ke k\u0101ko\u02bbo manuahi"},"content":{"rendered":"<h1>N\u0101 mea ho\u02bbopilikia p\u016bnaewele a me ka \u02bbenehana Anonymous<\/h1>\n<p>Ke \u02bbimi nei m\u0101kou i ke k\u016b\u02bboko\u02bba holomua mai ka ho\u02bbohana \u02bbana i ka p\u016bnaewele a me ka \u02bbenehana. E hui p\u016b me m\u0101kou i loko o kahi <a href=\"https:\/\/internetaddictsanonymous.org\/haw\/na-halawai-punaewele\/\">h\u0101l\u0101wai p\u016bnaewele<\/a> a i \u02bbole e kipa i k\u0101 m\u0101kou <a href=\"https:\/\/internetaddictsanonymous.org\/haw\/alaka%ca%bbi-no-na-po%ca%bbe-hou\/\">Alaka\u02bbi no n\u0101 mea hou<\/a> e a\u02bbo hou aku.<\/p>\n<p>            <a href=\"https:\/\/internetaddictsanonymous.org\/haw\/na-halawai-punaewele\/\" data-text=\"Join A Meeting\"><br \/>\n                    E hui p\u016b me kahi h\u0101l\u0101wai<br \/>\n\t                        <\/a><\/p>\n<h2>Papa Kuhikuhi H\u0101l\u0101wai<\/h2>\n<p><iframe style=\"height:50vh;width: 100%;\" src=\"https:\/\/teamup.com\/ksahzu4xdr66wve679?view=d&amp;showHeader=0&amp;showLogo=0&amp;showTitle=1&amp;disableSidepanel=1&amp;showViewSelector=1\" width=\"100%\" frameborder=\"0\"><\/iframe><\/p>\n<h2>E loa\u02bba i ke k\u014dkua no ka ho\u02bbopili \u02bbana i ka P\u016bnaewele a me ka \u02bbenehana<\/h2>\n<p>Welina mai i ka P\u016bnaewele a me n\u0101 \u02bbIkehana \u02bbAnonymous! Hau\u02bboli m\u0101kou ua loa\u02bba i\u0101 \u02bboe m\u0101kou, a ke lana nei ko m\u0101kou mana\u02bbo e hiki i ko m\u0101kou kai\u0101ulu ke k\u014dkua i\u0101 \u02bboe e like me ia no m\u0101kou.&nbsp;<b>\u02bbO ka ITAA kahi hui \u02bbumik\u016bm\u0101lua-\u02bbanu\u02bbu o n\u0101 po\u02bbe e k\u0101ko\u02bbo ana kekahi i kekahi i ka ho\u02bb\u014dla \u02bbana mai ka ma\u02bbi p\u016bnaewele a me ka \u02bbenehana.&nbsp;<\/b>Ho\u02bbokomo p\u016b k\u0113ia me <a href=\"https:\/\/internetaddictsanonymous.org\/haw\/ka-ma%ca%bbi-%ca%bbona-punaewele\/ka-ma%ca%bbi-papili-kaiapili\/\">ka ho\u02bbopili \u02bbana i ka p\u0101pili kaiapili<\/a>, <a href=\"https:\/\/internetaddictsanonymous.org\/haw\/ka-ho%ca%bbopili-%ca%bbenehana\/ka-ma%ca%bbi-%ca%bbona-kelepona-akamai\/\">n\u0101 kelepona akamai<\/a>, <a href=\"https:\/\/internetaddictsanonymous.org\/haw\/ka-ma%ca%bbi-%ca%bbona-punaewele\/ka-ho%ca%bbopili-%ca%bbana-i-ke-kahe-%ca%bbana\/\">ke kahe \u02bbana i n\u0101 wiki\u014d a i \u02bbole n\u0101 leo<\/a>, n\u0101 p\u0101\u02bbani, n\u0101 n\u016bhou, n\u0101 ki\u02bbi ponokala, n\u0101 polokalamu pili, ka noi\u02bbi p\u016bnaewele, ke k\u016b\u02bbai p\u016bnaewele, a i \u02bbole kekahi hana kikoho\u02bbe \u02bb\u0113 a\u02bbe e lilo i mea ho\u02bbokaumaha a pilikia.&nbsp;<\/p>\n<p>Me ka n\u0101n\u0101 \u02bbole i ka nui a i \u02bbole ka li\u02bbili\u02bbi o kou pilikia, paipai m\u0101kou i\u0101 \u02bboe e hele i kekahi o k\u0101 m\u0101kou mau h\u0101l\u0101wai i k\u0113l\u0101 me k\u0113ia l\u0101. He manuahi l\u0101kou a wehe \u02bbia i n\u0101 mea a pau e hakak\u0101 nei me ka ho\u02bbohana p\u016bnaewele ho\u02bbopa\u02bba. Palekana, palekana, a me ka inoa \u02bbole k\u0101 m\u0101kou mau h\u0101l\u0101wai. Ma waho a\u02bbe o ka \u02bb\u014dlelo Pelekania, loa\u02bba p\u016b kekahi mau h\u0101l\u0101wai ma ka \u02bb\u014dlelo Palani, Paniolo, L\u016bkini, Kelem\u0101nia, Hebera, \u02bbAlapia, Polani, Pukiki, a me K\u014dlea. Hiki i\u0101 \u02bboe ke loa\u02bba kahi kama\u02bb\u0101ina, <a href=\"https:\/\/internetaddictsanonymous.org\/haw\/local-internet-addiction-meetings\/\" style=\"font-family: var( --e-global-typography-text-font-family ), Sans-serif; font-weight: var( --e-global-typography-text-font-weight ); background-color: rgb(255, 255, 255); font-size: 1.25rem;\">h\u0101l\u0101wai pilikino ma kou k\u016blanakauhale<\/a>.<\/p>\n<p>Welina mai i ka P\u016bnaewele a me n\u0101 \u02bbIkehana \u02bbAnonymous! Hau\u02bboli m\u0101kou ua loa\u02bba i\u0101 \u02bboe m\u0101kou, a ke lana nei ko m\u0101kou mana\u02bbo e hiki i ko m\u0101kou kai\u0101ulu ke k\u014dkua i\u0101 \u02bboe e like me ia no m\u0101kou. <br \/><b><br \/>\u02bbO ka ITAA kahi hui \u02bbumik\u016bm\u0101lua-\u02bbanu\u02bbu o n\u0101 po\u02bbe e k\u0101ko\u02bbo ana kekahi i kekahi i ka ho\u02bb\u014dla \u02bbana mai ka ma\u02bbi p\u016bnaewele a me ka \u02bbenehana. <br \/><\/b><br \/>Ho\u02bbokomo p\u016b k\u0113ia me <a href=\"https:\/\/internetaddictsanonymous.org\/haw\/ka-ma%ca%bbi-%ca%bbona-punaewele\/ka-ma%ca%bbi-papili-kaiapili\/\">ka ho\u02bbopili \u02bbana i ka p\u0101pili kaiapili<\/a>, <a href=\"https:\/\/internetaddictsanonymous.org\/haw\/ka-ho%ca%bbopili-%ca%bbenehana\/ka-ma%ca%bbi-%ca%bbona-kelepona-akamai\/\">n\u0101 kelepona akamai<\/a>, <a href=\"https:\/\/internetaddictsanonymous.org\/haw\/ka-ma%ca%bbi-%ca%bbona-punaewele\/ka-ho%ca%bbopili-%ca%bbana-i-ke-kahe-%ca%bbana\/\">ke kahe \u02bbana i n\u0101 wiki\u014d a i \u02bbole n\u0101 leo<\/a>, n\u0101 p\u0101\u02bbani, n\u0101 n\u016bhou, n\u0101 ki\u02bbi ponokala, n\u0101 polokalamu pili, ka noi\u02bbi p\u016bnaewele, ke k\u016b\u02bbai p\u016bnaewele, a i \u02bbole kekahi hana kikoho\u02bbe \u02bb\u0113 a\u02bbe e lilo i mea ho\u02bbokaumaha a pilikia.\u00a0<\/p>\n<p>Me ka n\u0101n\u0101 \u02bbole i ka nui a i \u02bbole ka li\u02bbili\u02bbi o kou pilikia, paipai m\u0101kou i\u0101 \u02bboe e hele i kekahi o k\u0101 m\u0101kou mau h\u0101l\u0101wai i k\u0113l\u0101 me k\u0113ia l\u0101. He manuahi l\u0101kou a wehe \u02bbia i n\u0101 mea a pau e hakak\u0101 nei me ka ho\u02bbohana p\u016bnaewele ho\u02bbomake\u02bbe.<\/p>\n<p>Palekana, palekana, a inoa \u02bbole k\u0101 m\u0101kou mau h\u0101l\u0101wai. Ma waho a\u02bbe o ka \u02bb\u014dlelo Pelekania, loa\u02bba p\u016b kekahi mau h\u0101l\u0101wai ma ka \u02bb\u014dlelo Palani, Paniolo, L\u016bkini, Kelem\u0101nia, Hebera, \u02bbAlapia, Polani, Pukiki, a me K\u014dlea. Hiki i\u0101 \u02bboe ke loa\u02bba kahi kama\u02bb\u0101ina, <a href=\"https:\/\/internetaddictsanonymous.org\/haw\/local-internet-addiction-meetings\/\">h\u0101l\u0101wai pilikino ma kou k\u016blanakauhale<\/a>.<\/p>\n<h2>N\u0101 H\u0101l\u0101wai i k\u0113l\u0101 me k\u0113ia l\u0101<\/h2>\n<h2>\u02bbA\u02bbole \u02bboe ho\u02bbokahi<\/h2>\n<p>Nui n\u0101 h\u0101l\u0101wai p\u016bnaewele i k\u0113l\u0101 me k\u0113ia l\u0101 ma n\u0101 \u02bb\u014dlelo like \u02bbole. E ki\u02bbi i ke k\u014dkua a me ke k\u0101ko\u02bbo \u0101u e pono ai! Loa\u02bba i\u0101 m\u0101kou n\u0101 h\u0101l\u0101wai k\u016bloko, pilikino ma n\u0101 wahi i koho \u02bbia.<\/p>\n<p>            <a href=\"https:\/\/internetaddictsanonymous.org\/haw\/alaka%ca%bbi-no-na-po%ca%bbe-hou\/\" data-text=\"Join A Meeting\"><br \/>\n                    N\u0101 H\u0101l\u0101wai P\u016bnaewele<br \/>\n\t                        <\/a><\/p>\n<h2>N\u0101 Kumuwaiwai Ho\u02bbopilikia P\u016bnaewele a me ka \u02bbenehana<\/h2>\n<p>In\u0101 \u02bboe e no\u02bbono\u02bbo nei in\u0101 he mea ho\u02bbohui p\u016bnaewele a me ka \u02bbenehana paha k\u0101u, hiki i\u0101 \u02bboe ke n\u0101n\u0101 i k\u0101 m\u0101kou mau n\u012bnau n\u012bnau no <a href=\"https:\/\/internetaddictsanonymous.org\/haw\/ka-ma%ca%bbi-%ca%bbona-punaewele\/\">ka ma\u02bbi \u02bbona p\u016bnaewele<\/a>, <a href=\"https:\/\/internetaddictsanonymous.org\/haw\/ka-ma%ca%bbi-%ca%bbona-punaewele\/ka-ma%ca%bbi-papili-kaiapili\/\">ka ma\u02bbi p\u0101pili kaiapili<\/a>, <a href=\"https:\/\/internetaddictsanonymous.org\/haw\/ka-ma%ca%bbi-%ca%bbona-punaewele\/ka-ho%ca%bbopili-%ca%bbana-i-ke-kahe-%ca%bbana\/\">ka ho\u02bbopili \u02bbana i ke kahe \u02bbana<\/a>, a i \u02bbole <a href=\"https:\/\/internetaddictsanonymous.org\/haw\/ka-ho%ca%bbopili-%ca%bbenehana\/ka-ma%ca%bbi-%ca%bbona-kelepona-akamai\/\">ka ma\u02bbi \u02bbona kelepona akamai<\/a>. Hiki i\u0101 \u02bboe ke a\u02bbo hou a\u02bbe e pili ana i\u0101 ITAA ma ka heluhelu \u02bbana i k\u0101 m\u0101kou <a href=\"https:\/\/internetaddictsanonymous.org\/haw\/guides-and-resources\/\">alaka\u02bbi no n\u0101 po\u02bbe hou<\/a>, e n\u0101n\u0101 hou ana i k\u0101 m\u0101kou <a href=\"https:\/\/internetaddictsanonymous.org\/haw\/na-kumuwaiwai\/na-mea-hana-hoola\/\">n\u0101 mea hana ho&#039;\u014dla<\/a>, a i \u02bbole e ho\u02bbolohe ana <a href=\"https:\/\/internetaddictsanonymous.org\/haw\/na-mo%ca%bbolelo-ho%ca%bbola\/\">n\u0101 mo\u02bbolelo ho&#039;\u014dla o n\u0101 l\u0101l\u0101<\/a>.<\/p>\n<p>\u02bbA\u02bbole pili \u02bbo ITAA me kekahi papahana politika, ho\u02bbomana, a i \u02bbole n\u0101 makemake o waho. K\u0101ko\u02bbo piha m\u0101kou i\u0101 m\u0101kou iho a k\u016b\u02bboko\u02bba i ka po\u02bbe a pau e pono ai. \u02bbO k\u0101 m\u0101kou pahuhopu ho\u02bbokahi ka pale \u02bbana i ka ho\u02bbohana \u02bbana i ka p\u016bnaewele a me ka \u02bbenehana a me ke k\u014dkua \u02bbana i n\u0101 po\u02bbe \u02bb\u0113 a\u02bbe e loa\u02bba ke k\u016b\u02bboko\u02bba mai k\u0113ia \u02bbano ho\u02bboma\u02bbama\u02bba.<\/p>\n<p>Welina hou! Ke lana nei ko m\u0101kou mana\u02bbo e hiki i k\u0113ia kai\u0101ulu ke h\u0101\u02bbawi i ke k\u0101ko\u02bbo \u0101u e pono ai i kou ho\u02bb\u014dla \u02bbana mai ka ma\u02bbi p\u016bnaewele a me ka \u02bbenehana. Mai k\u0101nalua e <a href=\"https:\/\/internetaddictsanonymous.org\/haw\/ho%ca%bboka%ca%bba%ca%bbike\/\">e ho\u02bbopili aku<\/a> in\u0101 he mau n\u012bnau k\u0101u.<\/p>\n<!-- PMB print buttons is only displayed on a single post\/page URLs-->","protected":false},"excerpt":{"rendered":"<p>Internet and Technology Addicts Anonymous We seek progressive freedom from compulsive internet and technology use. Join us in an online meeting or visit our Guide for Newcomers to learn more. Join A Meeting Meeting Schedule Receive Help for Internet and Technology Addiction Welcome to Internet and Technology Addicts Anonymous! We\u2019re glad you\u2019ve found us, and &hellip; <a href=\"https:\/\/internetaddictsanonymous.org\/haw\/test-home\/\" class=\"more-link\">E ho\u02bbomau i ka heluhelu \u02bbana <span class=\"screen-reader-text\">\u02bbA\u02bbohe inoa o ka po\u02bbe ho\u02bbopilikia i ka p\u016bnaewele a me ka \u02bbenehana | K\u014dkua a me ke k\u0101ko\u02bbo manuahi<\/span><\/a><\/p>","protected":false},"author":35194237,"featured_media":0,"parent":0,"menu_order":0,"comment_status":"closed","ping_status":"closed","template":"elementor_canvas","meta":{"inline_featured_image":false,"_lmt_disableupdate":"","_lmt_disable":"","jetpack_post_was_ever_published":false,"footnotes":""},"tags":[],"class_list":["post-14947","page","type-page","status-publish","hentry"],"yoast_head":"<!-- This site is optimized with the Yoast SEO plugin v27.3 - https:\/\/yoast.com\/product\/yoast-seo-wordpress\/ -->\n<title>Internet &amp; Technology Addicts Anonymous | Receive Free Help And Support<\/title>\n<meta name=\"description\" content=\"An active international 12-step fellowship for internet and technology addiction, with meetings every day. Join meetings by phone, computer, or in person.\" \/>\n<meta name=\"robots\" content=\"noindex, follow\" \/>\n<meta property=\"og:locale\" content=\"en_US\" \/>\n<meta property=\"og:type\" content=\"article\" \/>\n<meta property=\"og:title\" content=\"Internet &amp; Technology Addicts Anonymous | Receive Free Help And Support\" \/>\n<meta property=\"og:description\" content=\"An active international 12-step fellowship for internet and technology addiction, with meetings every day. Join meetings by phone, computer, or in person.\" \/>\n<meta property=\"og:url\" content=\"https:\/\/internetaddictsanonymous.org\/haw\/hale-ho\u02bba\u02bbo\/\" \/>\n<meta property=\"og:site_name\" content=\"Internet and Technology Addicts Anonymous\" \/>\n<meta property=\"article:modified_time\" content=\"2023-02-26T22:51:46+00:00\" \/>\n<meta name=\"twitter:card\" content=\"summary_large_image\" \/>\n<meta name=\"twitter:label1\" content=\"Est. reading time\" \/>\n\t<meta name=\"twitter:data1\" content=\"3 minutes\" \/>\n<script type=\"application\/ld+json\" class=\"yoast-schema-graph\">{\"@context\":\"https:\\\/\\\/schema.org\",\"@graph\":[{\"@type\":\"WebPage\",\"@id\":\"https:\\\/\\\/internetaddictsanonymous.org\\\/test-home\\\/\",\"url\":\"https:\\\/\\\/internetaddictsanonymous.org\\\/test-home\\\/\",\"name\":\"Internet & Technology Addicts Anonymous | Receive Free Help And Support\",\"isPartOf\":{\"@id\":\"https:\\\/\\\/internetaddictsanonymous.org\\\/#website\"},\"datePublished\":\"2023-01-28T21:13:27+00:00\",\"dateModified\":\"2023-02-26T22:51:46+00:00\",\"description\":\"An active international 12-step fellowship for internet and technology addiction, with meetings every day. Join meetings by phone, computer, or in person.\",\"breadcrumb\":{\"@id\":\"https:\\\/\\\/internetaddictsanonymous.org\\\/test-home\\\/#breadcrumb\"},\"inLanguage\":\"haw-US\",\"potentialAction\":[{\"@type\":\"ReadAction\",\"target\":[\"https:\\\/\\\/internetaddictsanonymous.org\\\/test-home\\\/\"]}]},{\"@type\":\"BreadcrumbList\",\"@id\":\"https:\\\/\\\/internetaddictsanonymous.org\\\/test-home\\\/#breadcrumb\",\"itemListElement\":[{\"@type\":\"ListItem\",\"position\":1,\"name\":\"Home\",\"item\":\"https:\\\/\\\/internetaddictsanonymous.org\\\/\"},{\"@type\":\"ListItem\",\"position\":2,\"name\":\"Internet and Technology Addicts Anonymous | Free Help And Support\"}]},{\"@type\":\"WebSite\",\"@id\":\"https:\\\/\\\/internetaddictsanonymous.org\\\/#website\",\"url\":\"https:\\\/\\\/internetaddictsanonymous.org\\\/\",\"name\":\"Internet and Technology Addicts Anonymous\",\"description\":\"Worldwide 12-step Fellowship for Internet and Technology Addiction\",\"publisher\":{\"@id\":\"https:\\\/\\\/internetaddictsanonymous.org\\\/#organization\"},\"potentialAction\":[{\"@type\":\"SearchAction\",\"target\":{\"@type\":\"EntryPoint\",\"urlTemplate\":\"https:\\\/\\\/internetaddictsanonymous.org\\\/?s={search_term_string}\"},\"query-input\":{\"@type\":\"PropertyValueSpecification\",\"valueRequired\":true,\"valueName\":\"search_term_string\"}}],\"inLanguage\":\"haw-US\"},{\"@type\":\"Organization\",\"@id\":\"https:\\\/\\\/internetaddictsanonymous.org\\\/#organization\",\"name\":\"Internet and Technology Addicts Anonymous\",\"url\":\"https:\\\/\\\/internetaddictsanonymous.org\\\/\",\"logo\":{\"@type\":\"ImageObject\",\"inLanguage\":\"haw-US\",\"@id\":\"https:\\\/\\\/internetaddictsanonymous.org\\\/#\\\/schema\\\/logo\\\/image\\\/\",\"url\":\"https:\\\/\\\/internetaddictsanonymous.org\\\/wp-content\\\/uploads\\\/2023\\\/01\\\/cropped-ITAA-logo-480px.png\",\"contentUrl\":\"https:\\\/\\\/internetaddictsanonymous.org\\\/wp-content\\\/uploads\\\/2023\\\/01\\\/cropped-ITAA-logo-480px.png\",\"width\":480,\"height\":480,\"caption\":\"Internet and Technology Addicts Anonymous\"},\"image\":{\"@id\":\"https:\\\/\\\/internetaddictsanonymous.org\\\/#\\\/schema\\\/logo\\\/image\\\/\"}}]}<\/script>\n<!-- \/ Yoast SEO plugin. -->","yoast_head_json":{"title":"\u02bbA\u02bbohe inoa o n\u0101 mea ho\u02bbopilikia p\u016bnaewele a me ka \u02bbenehana | E loa\u02bba i\u0101 \u02bboe ke k\u014dkua a me ke k\u0101ko\u02bbo manuahi","description":"He pilina honua 12-\u02bbanu\u02bbu ikaika no ka ho\u02bbopili \u02bbana i ka p\u016bnaewele a me ka \u02bbenehana, me n\u0101 h\u0101l\u0101wai i k\u0113l\u0101 me k\u0113ia l\u0101. E hui p\u016b me n\u0101 h\u0101l\u0101wai ma ke kelepona, kamepiula, a i \u02bbole ma ke kino.","robots":{"index":"noindex","follow":"follow"},"og_locale":"en_US","og_type":"article","og_title":"Internet & Technology Addicts Anonymous | Receive Free Help And Support","og_description":"An active international 12-step fellowship for internet and technology addiction, with meetings every day. Join meetings by phone, computer, or in person.","og_url":"https:\/\/internetaddictsanonymous.org\/haw\/hale-ho\u02bba\u02bbo\/","og_site_name":"Internet and Technology Addicts Anonymous","article_modified_time":"2023-02-26T22:51:46+00:00","twitter_card":"summary_large_image","twitter_misc":{"Est. reading time":"3 minutes"},"schema":{"@context":"https:\/\/schema.org","@graph":[{"@type":"WebPage","@id":"https:\/\/internetaddictsanonymous.org\/test-home\/","url":"https:\/\/internetaddictsanonymous.org\/test-home\/","name":"\u02bbA\u02bbohe inoa o n\u0101 mea ho\u02bbopilikia p\u016bnaewele a me ka \u02bbenehana | E loa\u02bba i\u0101 \u02bboe ke k\u014dkua a me ke k\u0101ko\u02bbo manuahi","isPartOf":{"@id":"https:\/\/internetaddictsanonymous.org\/#website"},"datePublished":"2023-01-28T21:13:27+00:00","dateModified":"2023-02-26T22:51:46+00:00","description":"He pilina honua 12-\u02bbanu\u02bbu ikaika no ka ho\u02bbopili \u02bbana i ka p\u016bnaewele a me ka \u02bbenehana, me n\u0101 h\u0101l\u0101wai i k\u0113l\u0101 me k\u0113ia l\u0101. E hui p\u016b me n\u0101 h\u0101l\u0101wai ma ke kelepona, kamepiula, a i \u02bbole ma ke kino.","breadcrumb":{"@id":"https:\/\/internetaddictsanonymous.org\/test-home\/#breadcrumb"},"inLanguage":"haw-US","potentialAction":[{"@type":"ReadAction","target":["https:\/\/internetaddictsanonymous.org\/test-home\/"]}]},{"@type":"BreadcrumbList","@id":"https:\/\/internetaddictsanonymous.org\/test-home\/#breadcrumb","itemListElement":[{"@type":"ListItem","position":1,"name":"Home","item":"https:\/\/internetaddictsanonymous.org\/"},{"@type":"ListItem","position":2,"name":"Internet and Technology Addicts Anonymous | Free Help And Support"}]},{"@type":"WebSite","@id":"https:\/\/internetaddictsanonymous.org\/#website","url":"https:\/\/internetaddictsanonymous.org\/","name":"N\u0101 mea ho\u02bbopilikia p\u016bnaewele a me ka \u02bbenehana Anonymous","description":"\u02bbO ka Fellowship honua 12-step no ka ho\u02bbohui \u02bbana i ka P\u016bnaewele a me ka \u02bbenehana","publisher":{"@id":"https:\/\/internetaddictsanonymous.org\/#organization"},"potentialAction":[{"@type":"SearchAction","target":{"@type":"EntryPoint","urlTemplate":"https:\/\/internetaddictsanonymous.org\/?s={search_term_string}"},"query-input":{"@type":"PropertyValueSpecification","valueRequired":true,"valueName":"search_term_string"}}],"inLanguage":"haw-US"},{"@type":"Organization","@id":"https:\/\/internetaddictsanonymous.org\/#organization","name":"N\u0101 mea ho\u02bbopilikia p\u016bnaewele a me ka \u02bbenehana Anonymous","url":"https:\/\/internetaddictsanonymous.org\/","logo":{"@type":"ImageObject","inLanguage":"haw-US","@id":"https:\/\/internetaddictsanonymous.org\/#\/schema\/logo\/image\/","url":"https:\/\/internetaddictsanonymous.org\/wp-content\/uploads\/2023\/01\/cropped-ITAA-logo-480px.png","contentUrl":"https:\/\/internetaddictsanonymous.org\/wp-content\/uploads\/2023\/01\/cropped-ITAA-logo-480px.png","width":480,"height":480,"caption":"Internet and Technology Addicts Anonymous"},"image":{"@id":"https:\/\/internetaddictsanonymous.org\/#\/schema\/logo\/image\/"}}]}},"jetpack_sharing_enabled":true,"jetpack_shortlink":"https:\/\/wp.me\/P9Fwob-3T5","_links":{"self":[{"href":"https:\/\/internetaddictsanonymous.org\/haw\/wp-json\/wp\/v2\/pages\/14947","targetHints":{"allow":["GET"]}}],"collection":[{"href":"https:\/\/internetaddictsanonymous.org\/haw\/wp-json\/wp\/v2\/pages"}],"about":[{"href":"https:\/\/internetaddictsanonymous.org\/haw\/wp-json\/wp\/v2\/types\/page"}],"author":[{"embeddable":true,"href":"https:\/\/internetaddictsanonymous.org\/haw\/wp-json\/wp\/v2\/users\/35194237"}],"replies":[{"embeddable":true,"href":"https:\/\/internetaddictsanonymous.org\/haw\/wp-json\/wp\/v2\/comments?post=14947"}],"version-history":[{"count":100,"href":"https:\/\/internetaddictsanonymous.org\/haw\/wp-json\/wp\/v2\/pages\/14947\/revisions"}],"predecessor-version":[{"id":15446,"href":"https:\/\/internetaddictsanonymous.org\/haw\/wp-json\/wp\/v2\/pages\/14947\/revisions\/15446"}],"wp:attachment":[{"href":"https:\/\/internetaddictsanonymous.org\/haw\/wp-json\/wp\/v2\/media?parent=14947"}],"wp:term":[{"taxonomy":"post_tag","embeddable":true,"href":"https:\/\/internetaddictsanonymous.org\/haw\/wp-json\/wp\/v2\/tags?post=14947"}],"curies":[{"name":"wp","href":"https:\/\/api.w.org\/{rel}","templated":true}]}}