{"id":9457,"date":"2020-01-05T20:45:38","date_gmt":"2020-01-05T20:45:38","guid":{"rendered":"https:\/\/internetaddictsanonymous.org\/?page_id=9457"},"modified":"2026-01-18T11:11:47","modified_gmt":"2026-01-18T19:11:47","slug":"kako%ca%bbo-kala","status":"publish","type":"page","link":"https:\/\/internetaddictsanonymous.org\/haw\/sponsorship\/","title":{"rendered":"Ke Ko\u02bbiko\u02bbi o ke K\u0101ko\u02bbo \u02bbana"},"content":{"rendered":"<h4 class=\"wp-block-heading\"><strong>He aha ke k\u0101ko\u02bbo k\u0101l\u0101?<\/strong><\/h4>\n\n\n\n<p>He ku\u02bbuna l\u014d\u02bbihi ko ke k\u0101ko\u02bbo \u02bbana i n\u0101 pilina 12-\u02bbanu\u02bbu. \u02bbO ka mea k\u0101ko\u02bbo he l\u0101l\u0101 \u02bboi aku ka \u02bbike e hiki ke k\u014dkua i ke alaka\u02bbi \u02bbana i kahi l\u0101l\u0101 hou ma o n\u0101 \u02bbanu\u02bbu 12 a i ka ho\u02bb\u014dla \u02bbana. Hiki i ka mea k\u0101ko\u02bbo ke k\u014dkua i ka wehewehe \u02bbana i n\u0101 laina ki\u02bbeki\u02bbe, waena, a me lalo a i \u02bbole e h\u0101\u02bbawi i n\u0101 mana\u02bbo e pili ana i ke \u02bbano o ka ho\u02bbokumu \u02bbana i ka noho m\u0101lie a ho\u02bbokumu hou i\u0101 ia ma hope o kahi manawa o ka ho\u02bbi hou \u02bbana. Ma k\u0113ia pilina ma\u02bbamau a manawale\u02bba, ka\u02bbana like ka mea k\u0101ko\u02bbo i ko l\u0101kou \u02bbike, ikaika, a me ka mana\u02bbolana. \u02bbO ka loa\u02bba \u02bbana o kahi mea k\u0101ko\u02bbo e h\u0101\u02bbawi i ka mea k\u0101ko\u02bbo i kahi manawa k\u016bpono e n\u012bnau a loa\u02bba ke k\u0101ko\u02bbo a me ke kuleana. Ua \u02bbike ka hapa nui o m\u0101kou ua lilo ko m\u0101kou ho\u02bb\u014dla \u02bbana i mea pa\u02bba ma hope o ka loa\u02bba \u02bbana o kahi mea k\u0101ko\u02bbo a hana p\u016b me l\u0101kou i n\u0101 \u02bbanu\u02bbu he \u02bbumikumam\u0101lua.<br><br> <\/p>\n\n\n\n<h4 class=\"wp-block-heading\"><strong>Pehea e loa\u02bba ai ia\u02bbu kahi k\u0101ko\u02bbo?<\/strong><\/h4>\n\n\n\n<p>\u02bbO kekahi o n\u0101 ala maika\u02bbi loa e ho\u02bbopili aku ai me kahi k\u0101ko\u02bbo ma o n\u0101 kelepona ho\u02bbolaha me n\u0101 l\u0101l\u0101 \u02bb\u0113 a\u02bbe. Ke hele nei i n\u0101 h\u0101l\u0101wai, ho\u02bbolohe m\u0101kou i n\u0101 po\u02bbe &quot;loa\u02bba i\u0101 l\u0101kou ka mea a m\u0101kou e makemake ai&quot; a hiki aku i\u0101 l\u0101kou. N\u012bnau m\u0101kou i\u0101 l\u0101kou i ka l\u014d\u02bbihi o ko l\u0101kou noho \u02bbana i loko o ka hui, in\u0101 he k\u0101ko\u02bbo k\u0101 l\u0101kou iho, a in\u0101 ua hana l\u0101kou ma o n\u0101 \u02bbanu\u02bbu a ke hana ikaika nei paha ma o n\u0101 \u02bbanu\u02bbu. Ma hope o ka \u02bbike iki \u02bbana i\u0101 l\u0101kou ma o n\u0101 kelepona ho\u02bbolaha, hiki i\u0101 m\u0101kou ke ho\u02bboholo e n\u012bnau i\u0101 l\u0101kou in\u0101 loa\u02bba l\u0101kou e k\u0101ko\u02bbo i\u0101 m\u0101kou. Ma k\u0101 m\u0101kou papahana, k\u0101lele m\u0101kou i ka holomua, \u02bba\u02bbole ka hemolele, a \u02bba\u02bbole paha m\u0101kou e loa\u02bba i ka k\u0101ko\u02bbo &quot;k\u016bpono&quot;. \u02bbO ka mea nui, \u02bbo ka mea k\u0101ko\u02bbo k\u016bpono e pili ana i ko l\u0101kou ho&#039;\u014dla pono\u02bb\u012b a ua loa\u02bba i\u0101 ia kekahi \u02bbano m\u0101lie pa\u02bba.<\/p>\n\n\n\n<p>He mea nui ka loa\u02bba \u02bbana o kahi pilina maika\u02bbi me k\u0101 m\u0101kou mea k\u0101ko\u02bbo i hiki ai ke kama\u02bbilio \u0101kea a pololei. Pono n\u0101 k\u0101naka like \u02bbole i n\u0101 mea like \u02bbole mai kahi pilina k\u0101ko\u02bbo - pono kekahi i kahi ala m\u0101lie a\u02bbo kekahi e pono i kahi mea hiki ke ho\u02bboikaika i\u0101 l\u0101kou. Mana\u02bbo kekahi po\u02bbe he mea nui i k\u0101 l\u0101kou mea k\u0101ko\u02bbo i ho\u02bbohana i ka IT ma n\u0101 \u02bbano like. Hiki ke loli k\u0113ia mau pono i ka hala \u02bbana o ka manawa i ko m\u0101kou ulu \u02bbana i ka papahana. He mea nui ka \u02bbimi \u02bbana i n\u0101 mana\u02bbolana o ka mea k\u0101ko\u02bbo a me ka mea k\u0101ko\u02bbo no kahi pilina olakino. He pilina pilikino k\u0113ia e pono ai n\u0101 palena ikaika. He mea maika\u02bbi ke \u02bbike ma hope o kekahi mau h\u0101l\u0101wai, in\u0101 \u02bba\u02bbole like ia me ke k\u016bpono, ua noa n\u0101 k\u0101naka \u02bbelua e \u02bb\u014dlelo p\u0113l\u0101 a e ho\u02bboka\u02bbawale me ke aloha.<\/p>\n\n\n\n<p>No ka mea, \u02bba\u02bbole nui ka po\u02bbe k\u0101ko\u02bbo ma ITAA, ua loa\u02bba i kekahi mau l\u0101l\u0101 n\u0101 k\u0101ko\u02bbo ma n\u0101 papahana \u02bbelua \u02bbanu\u02bbu \u02bb\u0113 a\u02bbe. I k\u0113ia mau hihia, he mea nui e wehe ka mea k\u0101ko\u02bbo i ka mana\u02bbo o ka ho\u02bbopili \u02bbana i ka p\u016bnaewele a me ka \u02bbenehana. \u02bbA\u02bbole hiki i ka hapa nui o m\u0101kou ke ho\u02bbokele i ke ola me ka \u02bbole o ka ho\u02bbohana \u02bbana i ka \u02bbenehana, no laila \u02bba\u02bbole like ka noho m\u0101lie ma ITAA me ka wai\u02bbona a i \u02bbole n\u0101 mea. Ma muli o k\u0113ia, he mea k\u014dkua paha ka \u02bbimi \u02bbana i kahi mea k\u0101ko\u02bbo me ka \u02bbike i ka ho\u02bb\u014dla \u02bbana mai kahi ho\u02bbopili e like me ka mea\u02bbai, ka moekolohe, a i \u02bbole ke aloha. He nui n\u0101 mea hana a m\u0101kou e ho\u02bbohana ai ma ITAA e like me n\u0101 mea hana ma k\u0113l\u0101 mau papahana.&nbsp;<\/p>\n\n\n\n<p>Ma ka m\u014d\u02bbaukala ma n\u0101 hui 12-\u02bbanu\u02bbu, ua mana\u02bbo \u02bbia e maka\u02bbala n\u0101 l\u0101l\u0101 i ke k\u0101ne, ka moekolohe, a me n\u0101 mana\u02bbo o ka hoihoi aloha i ke koho \u02bbana i kahi k\u0101ko\u02bbo \/ k\u0101ko\u02bbo. No ka la\u02bbana, hiki i kahi wahine pololei ke pale aku i ke k\u0101ko\u02bbo \u02bbana i kahi k\u0101ne pololei. In\u0101 he hiki iki paha e ho\u02bbomohala ai m\u0101kou i n\u0101 mana\u02bbo no ka \u02bbao\u02bbao \u02bb\u0113 a\u02bbe, he kumu ia no ka no\u02bbono\u02bbo pono \u02bbana in\u0101 e ho\u02bbomau.&nbsp;<br><br> <\/p>\n\n\n\n<h4 class=\"wp-block-heading\"><strong>He aha ke k\u0101ko\u02bbo like \u02bbana? Pehea e hana ai?<\/strong><\/h4>\n\n\n\n<p>Ma ke k\u0101ko\u02bbo like \u02bbana, k\u0101ko\u02bbo kekahi i kekahi i ka hana \u02bbana i n\u0101 \u02bbanu\u02bbu. He mea k\u014dkua pinepine ia in\u0101 loa\u02bba i kekahi a i \u02bbole n\u0101 k\u0101naka \u02bbelua ka \u02bbike i ka hana \u02bbana i n\u0101 \u02bbanu\u02bbu he \u02bbumik\u016bm\u0101lua ma kahi papahana \u02bb\u0113 a\u02bbe. He mea hou paha kekahi l\u0101l\u0101 i ka ITAA ak\u0101 he mau makahiki o ka noho m\u0101lie ma n\u0101 hui \u02bbelua \u02bbanu\u02bbu \u02bb\u0113 a\u02bbe. Loa\u02bba i k\u0113ia mau l\u0101l\u0101 ka \u02bbike waiwai, ka ikaika, a me ka mana\u02bbolana e ka\u02bbana like me n\u0101 po\u02bbe \u02bb\u0113 a\u02bbe a e lawe mai i k\u0101 l\u0101kou ho\u02bb\u014dla ITAA pono\u02bb\u012b.<br><br> <\/p>\n\n\n\n<h4 class=\"wp-block-heading\"><strong>\u0100hea wau e m\u0101kaukau ai e k\u0101ko\u02bbo i kekahi?<\/strong><\/h4>\n\n\n\n<p>He mea maika\u02bbi ke ho\u02bbomaka \u02bbana e k\u0101ko\u02bbo ma mua o ko m\u0101kou m\u0101kaukau piha \u02bbana. Hiki ke mana\u02bbo \u02bbia he mea hopohopo a i kekahi manawa mana\u02bbo paha m\u0101kou \u02bba\u02bbole lawa ko m\u0101kou \u02bbike, a i \u02bbole ke hakak\u0101 nei m\u0101kou. \u02bbO ke kama\u02bbilio \u02bbana me k\u0101 m\u0101kou k\u0101ko\u02bbo ma mua o ka ho\u02bbomaka \u02bbana e k\u0101ko\u02bbo i n\u0101 po\u02bbe \u02bb\u0113 a\u02bbe he mea k\u014dkua ia i ka loa\u02bba \u02bbana o ka m\u0101lamalama. \u02bbO ka ma\u02bbamau, \u02bbae m\u0101kou i n\u0101 po\u02bbe \u02bb\u0113 a\u02bbe e n\u012bnau mai i\u0101 m\u0101kou in\u0101 loa\u02bba m\u0101kou e k\u0101ko\u02bbo, ma mua o ka h\u014d\u02bbea \u02bbana aku i n\u0101 k\u0101naka a me ka h\u0101\u02bbawi manawale\u02bba \u02bbana i\u0101 m\u0101kou iho.&nbsp;<\/p>\n\n\n\n<p>Hiki i\u0101 m\u0101kou ke ho\u02bb\u0101\u02bbo e lilo i k\u0101ko\u02bbo manawa p\u014dkole no kekahi no ka manawa o 1-3 mau mahina e \u02bbike ai i kona mana\u02bbo. I ko m\u0101kou ho\u02bbomaka \u02bbana e k\u0101ko\u02bbo, \u02bbo ka pololei a me ka \u02bboia\u02bbi\u02bbo e pili ana i ko m\u0101kou k\u016blana me ko m\u0101kou ho\u02bb\u014dla \u02bbana a me ko m\u0101kou nele i ka \u02bbike e hiki ke k\u014dkua i ka h\u014d\u02bbemi \u02bbana i ke kaomi a m\u0101kou e mana\u02bbo ai. Ma ke \u02bbano he k\u0101ko\u02bbo, \u02bba\u02bbole m\u0101kou hemolele, a he mea maika\u02bbi ke \u02bbike \u02bbole i n\u0101 pane \u0101pau. Hiki i\u0101 m\u0101kou ke huli mau i n\u0101 l\u0101l\u0101 \u02bb\u0113 a\u02bbe i loa\u02bba ka \u02bbike i ke k\u0101ko\u02bbo \u02bbana i k\u0113ia a i \u02bbole ma kahi hui \u02bb\u0113 a\u02bbe a noi i ke k\u014dkua a n\u012bnau paha i n\u0101 n\u012bnau. He mea nui e loa\u02bba i\u0101 m\u0101kou kahi k\u0101ko\u02bbo a i \u02bbole ka pilina k\u0101ko\u02bbo ikaika ma mua o ko m\u0101kou ho\u02bbomaka \u02bbana e k\u0101ko\u02bbo. Pono ho\u02bbi m\u0101kou e lawa ka mamao ma k\u0101 m\u0101kou hana pono\u02bb\u012b i hiki i\u0101 m\u0101kou ke k\u014dkua i ke alaka\u02bbi \u02bbana i ka mea a m\u0101kou e k\u0101ko\u02bbo nei ma o n\u0101 \u02bbanu\u02bbu.<\/p>\n\n\n\n<p>I ko m\u0101kou loa\u02bba \u02bbana o ka \u02bbike hou aku i ke k\u0101ko\u02bbo \u02bbana i n\u0101 po\u02bbe \u02bb\u0113 a\u02bbe, e lilo m\u0101kou i mea hilina\u02bbi a \u02bbike i n\u0101 \u02bbano o ke k\u0101ko\u02bbo \u02bbana i mea k\u016blohelohe loa i\u0101 m\u0101kou. \u02bbO ka lawe \u02bbana i n\u0101 kelepona ho\u02bbolaha, \u02bboiai me n\u0101 po\u02bbe hou, hiki ke lilo i ala e ho\u02bbomaka ai e a\u02bbo pehea e lawelawe ai ma o ka ho\u02bbolohe \u02bbana me ke aloha a me ka ka\u02bbana like \u02bbana i ko m\u0101kou \u02bbike pono\u02bb\u012b.<br><br> <\/p>\n\n\n\n<h4 class=\"wp-block-heading\"><strong>No ke aha e k\u0101ko\u02bbo ai?<\/strong><\/h4>\n\n\n\n<p>Ma ka \u02bbanu\u02bbu 12 o ITAA, ho\u02bb\u0101\u02bbo m\u0101kou e &quot;lawe i k\u0113ia leka i ka po\u02bbe \u02bbona p\u016bnaewele a me ka \u02bbenehana&quot;. Ho\u02bboikaika ka k\u0101ko\u02bbo \u02bbana i ko m\u0101kou ho&#039;\u014dla pono\u02bb\u012b. Ua h\u014d\u02bboia \u02bbia k\u0113ia ma o n\u0101 mo\u02bbolelo o n\u0101 papahana 12-\u02bbanu\u02bbu \u0101pau a ma ITAA p\u016b kekahi. I ke k\u0101ko\u02bbo \u02bbana i n\u0101 po\u02bbe \u02bb\u0113 a\u02bbe, n\u0101n\u0101 m\u0101kou i k\u0101 m\u0101kou papahana pono\u02bb\u012b, a ho\u02bbomau k\u0113ia i\u0101 m\u0101kou e hana a ne\u02bbe i mua. \u02bbOiai he k\u016bpa\u02bba ia, k\u016bpono ka uku o ka \u02bbike!<br><br> <\/p>\n\n\n\n<h4 class=\"wp-block-heading\"><strong>He aha in\u0101 e ho\u02bbi hou ana ka\u02bbu mea k\u0101ko\u02bbo?<\/strong><\/h4>\n\n\n\n<p>He mea nui e ho\u02bbomana\u02bbo \u02bba\u02bbole m\u0101kou ke kuleana no ka ho\u02bb\u014dla \u02bbana o ke kanaka a m\u0101kou e k\u0101ko\u02bbo nei. \u02bbO k\u0101 m\u0101kou kuleana wale n\u014d ma ke \u02bbano he k\u0101ko\u02bbo, \u02bbo ia ke h\u0101\u02bbawi i ka papahana ITAA e like me k\u0101 m\u0101kou e ho\u02bbomaopopo ai a ka\u02bbana like i ko m\u0101kou \u02bbike pono\u02bb\u012b. He mea nui e ho\u02bboku\u02bbu i n\u0101 mea i mana\u02bbo \u02bbia a e maka\u02bbala i ka hilina\u02bbi like \u02bbole a i \u02bbole ka ho\u02bb\u0101\u02bbo \u02bbana e &quot;ho\u02bboponopono&quot; i kekahi kanaka. \u02bbA\u02bbole ko m\u0101kou kuleana ke h\u0101pai i ka mea a m\u0101kou e k\u0101ko\u02bbo nei a i \u02bbole e lilo i ko l\u0101kou Mana Ki\u02bbeki\u02bbe. \u02bbO k\u0101 l\u0101kou \u02bbike ho\u02bb\u014dla pono\u02bb\u012b; hiki i\u0101 m\u0101kou ke \u02bbike a k\u0101ko\u02bbo i\u0101 l\u0101kou, ak\u0101 \u02bba\u02bbole hiki i\u0101 m\u0101kou ke ho\u02bb\u014dla no l\u0101kou.<br><br> <\/p>\n\n\n\n<h4 class=\"wp-block-heading\"><strong>He aha in\u0101 e ho\u02bbomaka ana wau e ho\u02bbomohala i n\u0101 mana\u02bbo no ka\u02bbu mea k\u0101ko\u02bbo \/ mea k\u0101ko\u02bbo?&nbsp;<\/strong><\/h4>\n\n\n\n<p>Hiki i ka hoihoi aloha a i \u02bbole ka pilina ma waena o ka mea k\u0101ko\u02bbo a me ka mea k\u0101ko\u02bbo ke ho\u02bbopilikia, huikau, \u02bbeha, a h\u014d\u02bbino paha. He mea nui e ho\u02bbokumu a m\u0101lama i n\u0101 palena ikaika i ka pilina, e h\u014d\u02bbemi i n\u0101 manawa k\u016bpono o ka hana \u02bbino. In\u0101 \u02bbike ka mea k\u0101ko\u02bbo a i \u02bbole ka mea k\u0101ko\u02bbo e ulu ana kahi hoihoi aloha, ua \u02bb\u014dlelo \u02bbia e k\u016bk\u0101k\u016bk\u0101 l\u0101kou i k\u0113ia me kahi hoa hilina\u02bbi. I ka manawa pinepine i ia mau hihia, hiki ke k\u016bpono loa ke ho\u02bbopau m\u0101lie i ka k\u0101ko\u02bbo \u02bbana ma ke \u02bbano k\u0101ko\u02bbo. He mea nui ke k\u016bk\u0101k\u016bk\u0101 pono e \u02bbike pehea e hiki ai ke lawelawe \u02bbia k\u0113ia me ka \u02bbole o ka ho\u02bbopilikia \u02bbana i ka ho\u02bb\u014dla \u02bbana o kekahi kanaka.<br><br> <\/p>\n\n\n\n<h4 class=\"wp-block-heading\"><strong>He aha ka \u02bbumikumam\u0101kolu o ka hehi \u02bbana?\u00a0<\/strong><\/h4>\n\n\n\n<p id=\"block-f4cc2ef5-469a-47b7-9d20-bcd09a8478d0\">Ma n\u0101 papahana \u02bbo Twelve Step, \u02bbo &quot;Thirteenth Stepping&quot; ka ho\u02bbopunipuni \u02bbana i kekahi kanaka i ka ho\u02bb\u014dla \u02bbana, \u02bboiai he malihini hou a he mea k\u0101ko\u02bbo paha, i loko o kahi pilina moekolohe a aloha paha. He k\u016bpono \u02bbole k\u0113ia \u02bbano a ua paipai nui \u02bbia ma ITAA. Paipai m\u0101kou i n\u0101 malihini hou e pale i ka hana \u02bbana me n\u0101 k\u0101ko\u02bbo a i \u02bbole ka ho\u02bbomohala \u02bbana i n\u0101 pilina kelepona ho\u02bbolaha me n\u0101 l\u0101l\u0101 a m\u0101kou e ho\u02bbomohala ai i ka hoihoi moekolohe a aloha paha. In\u0101 mana\u02bbo \u02bboe \u02bbo \u02bboe ka mea e loa\u02bba ana i ka n\u0101n\u0101 moekolohe a aloha k\u016bpono \u02bbole a makemake \u02bbole \u02bbia paha, e \u02bbolu\u02bbolu e kama\u02bbilio me kahi l\u0101l\u0101 \u0101u e hilina\u02bbi nei\u2014\u02bba\u02bbole ka inoa \u02bbole a me ka h\u016bn\u0101 \u02bbana he uhi no ka hana k\u016bpono \u02bbole.<\/p>\n\n\n\n<p id=\"block-f4cc2ef5-469a-47b7-9d20-bcd09a8478d0\">No ka \u02bbike hou aku e pili ana i ka pane \u02bbana i n\u0101 hana k\u016bpono \u02bbole, hiki i\u0101 \u02bboe ke kuhikuhi i k\u0101 m\u0101kou <a href=\"https:\/\/internetaddictsanonymous.org\/haw\/palekana-ma-itaa\/\">alaka\u02bbi i ka palekana ma ITAA<\/a>.<br><br><br><\/p>\n\n\n\n<h4 class=\"wp-block-heading\"><strong>Ma n\u0101 \u02bbano hea e hiki ai ia\u02bbu ke k\u014dkua i n\u0101 po\u02bbe hou in\u0101 \u02bba\u02bbole wau i mana\u02bbo ua m\u0101kaukau wau e k\u0101ko\u02bbo?&nbsp;<\/strong><\/h4>\n\n\n\n<p>\u02bbO ka hana lawelawe kahi kumumana\u02bbo nui o n\u0101 pilina 12-\u02bbanu\u02bbu. \u02bbO ka m\u0101kaukau e kama\u02bbilio me n\u0101 po\u02bbe hou ma ka noho \u02bbana ma hope o kahi h\u0101l\u0101wai a i \u02bbole ka h\u0101\u02bbawi \u02bbana i\u0101 l\u0101kou i k\u0101 m\u0101kou helu kelepona no n\u0101 n\u012bnau hou aku he ala maika\u02bbi loa ia e lawelawe ai. \u02bbO ka ho\u02bbolohe \u02bbana, ka ka\u02bbana like \u02bbana i ko m\u0101kou \u02bbike pono\u02bb\u012b, a me ka h\u0101\u02bbawi \u02bbana i n\u0101 mana\u02bbo e pili ana i n\u0101 mea i k\u014dkua i\u0101 m\u0101kou he mea nui loa ia no kahi mea hou i ITAA. H\u0101\u02bbawi p\u016b ia i k\u0101 m\u0101kou papahana pono\u02bb\u012b a me ka ikaika ho\u02bb\u014dla a m\u0101lama i\u0101 ia i mea hou. Aia kekahi papa inoa o n\u0101 k\u016blana lawelawe h\u0101mama ma ka p\u016bnaewele ITAA. Lohe pinepine \u02bbia ma n\u0101 lumi 12-\u02bbanu\u02bbu: &quot;M\u0101lama wale m\u0101kou i ka mea a m\u0101kou ma ka h\u0101\u02bbawi \u02bbana aku!&quot;\u201c&nbsp;<\/p>\n\n\n\n<hr class=\"wp-block-separator has-alpha-channel-opacity\"\/>\n\n\n\n<p><em>Ua k\u0101kau \u02bbia k\u0113ia \u02bbao\u02bbao e ke K\u014dmike \u02bbIke P\u016bnaewele o ITAA. In\u0101 makemake \u02bboe e ka\u02bbana like i n\u0101 mana\u02bbo a i \u02bbole e k\u014dkua i k\u0101 m\u0101kou mau hana, makemake m\u0101kou e lohe mai i\u0101 \u02bboe a i \u02bbole e komo \u02bboe i kekahi o k\u0101 m\u0101kou mau h\u0101l\u0101wai. Hiki ke loa\u02bba n\u0101 kiko\u02bb\u012b hou aku ma ka&nbsp;<a href=\"https:\/\/internetaddictsanonymous.org\/haw\/na-kulana-lawelawe-hamama\/\">N\u0101 K\u014dmike Lawelawe<\/a>&nbsp;\u02bbao\u02bbao.<\/em><\/p>\n<!-- PMB print buttons is only displayed on a single post\/page URLs-->","protected":false},"excerpt":{"rendered":"<p>He aha ke k\u0101ko\u02bbo? He ku\u02bbuna l\u014d\u02bbihi ko ke k\u0101ko\u02bbo \u02bbana i n\u0101 pilina 12-\u02bbanu\u02bbu. \u02bbO ka mea k\u0101ko\u02bbo he l\u0101l\u0101 \u02bboi aku ka \u02bbike e hiki ke k\u014dkua i ke alaka\u02bbi \u02bbana i kahi l\u0101l\u0101 hou ma o n\u0101 \u02bbanu\u02bbu 12 a i ka ho\u02bb\u014dla \u02bbana. Hiki i ka mea k\u0101ko\u02bbo ke k\u014dkua i ka wehewehe \u02bbana i n\u0101 laina ki\u02bbeki\u02bbe, waena, a me lalo a i \u02bbole e h\u0101\u02bbawi i n\u0101 mana\u02bbo e pili ana i ke \u02bbano o ka ho\u02bbokumu \u02bbana i ka noho m\u0101lie a ho\u02bbokumu hou paha ma hope o \u2026 <a href=\"https:\/\/internetaddictsanonymous.org\/haw\/sponsorship\/\" class=\"more-link\">E ho\u02bbomau i ka heluhelu \u02bbana <span class=\"screen-reader-text\">Ke Ko\u02bbiko\u02bbi o ke K\u0101ko\u02bbo \u02bbana<\/span><\/a><\/p>","protected":false},"author":35194237,"featured_media":0,"parent":0,"menu_order":0,"comment_status":"closed","ping_status":"closed","template":"full-width-page.php","meta":{"inline_featured_image":false,"_lmt_disableupdate":"no","_lmt_disable":"","footnotes":""},"tags":[],"class_list":["post-9457","page","type-page","status-publish","hentry"],"yoast_head":"<!-- This site is optimized with the Yoast SEO plugin v27.5 - https:\/\/yoast.com\/product\/yoast-seo-wordpress\/ -->\n<title>The Importance of Sponsorship &#8211; Internet and Technology Addicts Anonymous<\/title>\n<meta name=\"robots\" content=\"index, follow, max-snippet:-1, max-image-preview:large, max-video-preview:-1\" \/>\n<link rel=\"canonical\" href=\"https:\/\/internetaddictsanonymous.org\/haw\/kako\u02bbo-kala\/\" \/>\n<meta property=\"og:locale\" content=\"en_US\" \/>\n<meta property=\"og:type\" content=\"article\" \/>\n<meta property=\"og:title\" content=\"The Importance of Sponsorship &#8211; Internet and Technology Addicts Anonymous\" \/>\n<meta property=\"og:description\" content=\"What is sponsorship? Sponsorship has a long-standing tradition in 12-step fellowships. A sponsor is a more experienced member who can help guide a newer member through the 12 steps and towards recovery. A sponsor may also help define top, middle, and bottom lines or make suggestions about how to establish sobriety or reestablish it after &hellip; Continue reading The Importance of Sponsorship\" \/>\n<meta property=\"og:url\" content=\"https:\/\/internetaddictsanonymous.org\/haw\/kako\u02bbo-kala\/\" \/>\n<meta property=\"og:site_name\" content=\"Internet and Technology Addicts Anonymous\" \/>\n<meta property=\"article:modified_time\" content=\"2026-01-18T19:11:47+00:00\" \/>\n<meta name=\"twitter:card\" content=\"summary_large_image\" \/>\n<meta name=\"twitter:label1\" content=\"Est. reading time\" \/>\n\t<meta name=\"twitter:data1\" content=\"7 minutes\" \/>\n<script type=\"application\/ld+json\" class=\"yoast-schema-graph\">{\"@context\":\"https:\\\/\\\/schema.org\",\"@graph\":[{\"@type\":\"WebPage\",\"@id\":\"https:\\\/\\\/internetaddictsanonymous.org\\\/sponsorship\\\/\",\"url\":\"https:\\\/\\\/internetaddictsanonymous.org\\\/sponsorship\\\/\",\"name\":\"The Importance of Sponsorship &#8211; Internet and Technology Addicts Anonymous\",\"isPartOf\":{\"@id\":\"https:\\\/\\\/internetaddictsanonymous.org\\\/#website\"},\"datePublished\":\"2020-01-05T20:45:38+00:00\",\"dateModified\":\"2026-01-18T19:11:47+00:00\",\"breadcrumb\":{\"@id\":\"https:\\\/\\\/internetaddictsanonymous.org\\\/sponsorship\\\/#breadcrumb\"},\"inLanguage\":\"haw-US\",\"potentialAction\":[{\"@type\":\"ReadAction\",\"target\":[\"https:\\\/\\\/internetaddictsanonymous.org\\\/sponsorship\\\/\"]}]},{\"@type\":\"BreadcrumbList\",\"@id\":\"https:\\\/\\\/internetaddictsanonymous.org\\\/sponsorship\\\/#breadcrumb\",\"itemListElement\":[{\"@type\":\"ListItem\",\"position\":1,\"name\":\"Home\",\"item\":\"https:\\\/\\\/internetaddictsanonymous.org\\\/\"},{\"@type\":\"ListItem\",\"position\":2,\"name\":\"The Importance of Sponsorship\"}]},{\"@type\":\"WebSite\",\"@id\":\"https:\\\/\\\/internetaddictsanonymous.org\\\/#website\",\"url\":\"https:\\\/\\\/internetaddictsanonymous.org\\\/\",\"name\":\"Internet and Technology Addicts Anonymous\",\"description\":\"Worldwide 12-step Fellowship for Internet and Technology Addiction\",\"publisher\":{\"@id\":\"https:\\\/\\\/internetaddictsanonymous.org\\\/#organization\"},\"potentialAction\":[{\"@type\":\"SearchAction\",\"target\":{\"@type\":\"EntryPoint\",\"urlTemplate\":\"https:\\\/\\\/internetaddictsanonymous.org\\\/?s={search_term_string}\"},\"query-input\":{\"@type\":\"PropertyValueSpecification\",\"valueRequired\":true,\"valueName\":\"search_term_string\"}}],\"inLanguage\":\"haw-US\"},{\"@type\":\"Organization\",\"@id\":\"https:\\\/\\\/internetaddictsanonymous.org\\\/#organization\",\"name\":\"Internet and Technology Addicts Anonymous\",\"url\":\"https:\\\/\\\/internetaddictsanonymous.org\\\/\",\"logo\":{\"@type\":\"ImageObject\",\"inLanguage\":\"haw-US\",\"@id\":\"https:\\\/\\\/internetaddictsanonymous.org\\\/#\\\/schema\\\/logo\\\/image\\\/\",\"url\":\"https:\\\/\\\/internetaddictsanonymous.org\\\/wp-content\\\/uploads\\\/2023\\\/01\\\/cropped-ITAA-logo-480px.png\",\"contentUrl\":\"https:\\\/\\\/internetaddictsanonymous.org\\\/wp-content\\\/uploads\\\/2023\\\/01\\\/cropped-ITAA-logo-480px.png\",\"width\":480,\"height\":480,\"caption\":\"Internet and Technology Addicts Anonymous\"},\"image\":{\"@id\":\"https:\\\/\\\/internetaddictsanonymous.org\\\/#\\\/schema\\\/logo\\\/image\\\/\"}}]}<\/script>\n<!-- \/ Yoast SEO plugin. -->","yoast_head_json":{"title":"Ke Ko\u02bbiko\u02bbi o ke K\u0101ko\u02bbo - P\u016bnaewele a me n\u0101 \u02bbenehana Addicts Anonymous","robots":{"index":"index","follow":"follow","max-snippet":"max-snippet:-1","max-image-preview":"max-image-preview:large","max-video-preview":"max-video-preview:-1"},"canonical":"https:\/\/internetaddictsanonymous.org\/haw\/kako\u02bbo-kala\/","og_locale":"en_US","og_type":"article","og_title":"The Importance of Sponsorship &#8211; Internet and Technology Addicts Anonymous","og_description":"What is sponsorship? Sponsorship has a long-standing tradition in 12-step fellowships. A sponsor is a more experienced member who can help guide a newer member through the 12 steps and towards recovery. A sponsor may also help define top, middle, and bottom lines or make suggestions about how to establish sobriety or reestablish it after &hellip; Continue reading The Importance of Sponsorship","og_url":"https:\/\/internetaddictsanonymous.org\/haw\/kako\u02bbo-kala\/","og_site_name":"Internet and Technology Addicts Anonymous","article_modified_time":"2026-01-18T19:11:47+00:00","twitter_card":"summary_large_image","twitter_misc":{"Est. reading time":"7 minutes"},"schema":{"@context":"https:\/\/schema.org","@graph":[{"@type":"WebPage","@id":"https:\/\/internetaddictsanonymous.org\/sponsorship\/","url":"https:\/\/internetaddictsanonymous.org\/sponsorship\/","name":"Ke Ko\u02bbiko\u02bbi o ke K\u0101ko\u02bbo - P\u016bnaewele a me n\u0101 \u02bbenehana Addicts Anonymous","isPartOf":{"@id":"https:\/\/internetaddictsanonymous.org\/#website"},"datePublished":"2020-01-05T20:45:38+00:00","dateModified":"2026-01-18T19:11:47+00:00","breadcrumb":{"@id":"https:\/\/internetaddictsanonymous.org\/sponsorship\/#breadcrumb"},"inLanguage":"haw-US","potentialAction":[{"@type":"ReadAction","target":["https:\/\/internetaddictsanonymous.org\/sponsorship\/"]}]},{"@type":"BreadcrumbList","@id":"https:\/\/internetaddictsanonymous.org\/sponsorship\/#breadcrumb","itemListElement":[{"@type":"ListItem","position":1,"name":"Home","item":"https:\/\/internetaddictsanonymous.org\/"},{"@type":"ListItem","position":2,"name":"The Importance of Sponsorship"}]},{"@type":"WebSite","@id":"https:\/\/internetaddictsanonymous.org\/#website","url":"https:\/\/internetaddictsanonymous.org\/","name":"N\u0101 mea ho\u02bbopilikia p\u016bnaewele a me ka \u02bbenehana Anonymous","description":"\u02bbO ka Fellowship honua 12-step no ka ho\u02bbohui \u02bbana i ka P\u016bnaewele a me ka \u02bbenehana","publisher":{"@id":"https:\/\/internetaddictsanonymous.org\/#organization"},"potentialAction":[{"@type":"SearchAction","target":{"@type":"EntryPoint","urlTemplate":"https:\/\/internetaddictsanonymous.org\/?s={search_term_string}"},"query-input":{"@type":"PropertyValueSpecification","valueRequired":true,"valueName":"search_term_string"}}],"inLanguage":"haw-US"},{"@type":"Organization","@id":"https:\/\/internetaddictsanonymous.org\/#organization","name":"N\u0101 mea ho\u02bbopilikia p\u016bnaewele a me ka \u02bbenehana Anonymous","url":"https:\/\/internetaddictsanonymous.org\/","logo":{"@type":"ImageObject","inLanguage":"haw-US","@id":"https:\/\/internetaddictsanonymous.org\/#\/schema\/logo\/image\/","url":"https:\/\/internetaddictsanonymous.org\/wp-content\/uploads\/2023\/01\/cropped-ITAA-logo-480px.png","contentUrl":"https:\/\/internetaddictsanonymous.org\/wp-content\/uploads\/2023\/01\/cropped-ITAA-logo-480px.png","width":480,"height":480,"caption":"Internet and Technology Addicts Anonymous"},"image":{"@id":"https:\/\/internetaddictsanonymous.org\/#\/schema\/logo\/image\/"}}]}},"jetpack_sharing_enabled":true,"jetpack_shortlink":"https:\/\/wp.me\/P9Fwob-2sx","_links":{"self":[{"href":"https:\/\/internetaddictsanonymous.org\/haw\/wp-json\/wp\/v2\/pages\/9457","targetHints":{"allow":["GET"]}}],"collection":[{"href":"https:\/\/internetaddictsanonymous.org\/haw\/wp-json\/wp\/v2\/pages"}],"about":[{"href":"https:\/\/internetaddictsanonymous.org\/haw\/wp-json\/wp\/v2\/types\/page"}],"author":[{"embeddable":true,"href":"https:\/\/internetaddictsanonymous.org\/haw\/wp-json\/wp\/v2\/users\/35194237"}],"replies":[{"embeddable":true,"href":"https:\/\/internetaddictsanonymous.org\/haw\/wp-json\/wp\/v2\/comments?post=9457"}],"version-history":[{"count":46,"href":"https:\/\/internetaddictsanonymous.org\/haw\/wp-json\/wp\/v2\/pages\/9457\/revisions"}],"predecessor-version":[{"id":20908,"href":"https:\/\/internetaddictsanonymous.org\/haw\/wp-json\/wp\/v2\/pages\/9457\/revisions\/20908"}],"wp:attachment":[{"href":"https:\/\/internetaddictsanonymous.org\/haw\/wp-json\/wp\/v2\/media?parent=9457"}],"wp:term":[{"taxonomy":"post_tag","embeddable":true,"href":"https:\/\/internetaddictsanonymous.org\/haw\/wp-json\/wp\/v2\/tags?post=9457"}],"curies":[{"name":"wp","href":"https:\/\/api.w.org\/{rel}","templated":true}]}}